f(1) a prime number?
False
Let n(c) = -19*c**3 + 14*c**2 + 3*c - 5. Is n(-5) prime?
False
Suppose 0 = 2*c - 1 + 5. Let l(k) be the third derivative of -k**6/30 - k**4/12 - k**3/2 + k**2. Is l(c) a composite number?
True
Suppose 0 = 3*h - 12, 3*r - 3*h - 8 - 181 = 0. Is r composite?
False
Suppose 0 = 5*s - 4 + 24. Let u = s + 36. Let o = 5 + u. Is o composite?
False
Suppose -2*s = -z - 508, 5*s + 0*z = -3*z + 1259. Is s composite?
True
Suppose 0 = -11*v - 0*v + 18557. Is v prime?
False
Suppose 0 = o + n - 129, -2*o - 2*n - 117 = -3*o. Let k = o - 6. Is k composite?
True
Let i(g) = 46*g**2 - 2*g + 1. Let o be i(3). Suppose -4*n = -67 - o. Is n prime?
False
Suppose -29 = -5*y - 4. Suppose 0 = 5*c - 6*p + p - 315, y*p + 250 = 4*c. Suppose 3*q = -2*v + c, 9 + 4 = q + 5*v. Is q a prime number?
True
Let p(q) = 46*q - 5. Is p(7) prime?
True
Suppose -2*n + 0*q = 3*q + 5, -4*q = 2*n + 8. Suppose -r - 30 = n*r. Let w = 5 - r. Is w a composite number?
True
Let q(r) = 3*r**2 + r - 1. Let n be q(1). Let h be n/(-12)*2*-8. Is (-2)/h*-21*2 a composite number?
True
Suppose 0*w + 50 = 5*w. Is w*(-2 - -1 - -2) a composite number?
True
Let f = 130 + 123. Is f a prime number?
False
Let f = -38 + 1677. Is f composite?
True
Let c(n) = -2*n**3 - 5*n**2 - 4*n. Let q be c(-3). Suppose 5*s + 25 - 225 = 0. Let i = s - q. Is i a composite number?
False
Suppose x + 3*x = 348. Let h = 140 - x. Is h a composite number?
False
Suppose 0 = -4*n + 54 + 46. Is n a composite number?
True
Let o = -213 + 436. Is o prime?
True
Let w be (3 + (-15)/6)*0. Suppose w*x = -3*x + 447. Is x composite?
False
Suppose 1 - 4 = -n. Suppose -187 = 2*z - n*z. Is z composite?
True
Suppose -934 = 2*t - 4*t. Is t a prime number?
True
Let u(a) = -a**3 + 7*a**2 - 5*a - 6. Suppose 15 = 5*s - 2*t, -s + 4*t = 3*s. Is u(s) prime?
True
Let a be (3 - 10/4)*6. Suppose 5*q - 1189 = -4*l, -q + 3*q - a*l - 471 = 0. Is q prime?
False
Let g(w) = 4*w**2 + 3 - 4*w**2 + 9*w**2 + 0 + w. Is g(-4) a composite number?
True
Let w(r) = -16*r + 5. Let s(c) = -62*c + 29. Let z(h) = 31*h - 15. Let a(v) = -6*s(v) - 11*z(v). Let j(o) = 2*a(o) + 5*w(o). Is j(-6) a prime number?
False
Suppose 16 = 2*o + 2*o. Suppose 86 = 3*z - 5*l, 4*l - 94 = -z - o*z. Is z composite?
True
Suppose -376 + 18187 = 9*d. Is d a prime number?
True
Let n = 3 + 0. Suppose -2*h + 453 = 5*s, -5*s + n*h = -106 - 352. Is s composite?
True
Let s = -211 - -2124. Is s a prime number?
True
Suppose 0*h + 335 = 5*h. Is h a composite number?
False
Let c(t) = -t - 9. Let p be c(-12). Is p/(-6)*-1*502 a prime number?
True
Suppose -1061 = -w - 316. Is w composite?
True
Suppose 0 = -2*t + 21 - 15. Suppose 0 = t*l + 3*l - 126. Is l composite?
True
Let l(m) = 174*m**2 + 1. Let p be l(1). Suppose p = -7*j + 2*j. Let a = 4 - j. Is a a prime number?
False
Let u = 31 + 192. Is u composite?
False
Let v be 4/(-18) + 244/(-36). Let p be v/(-5) - (-10)/(-25). Is (-2*(0 + -19))/p a composite number?
True
Let w = 7 + -5. Suppose 7*y - 3*h - 190 = w*y, -20 = 4*h. Is y composite?
True
Let r be 6/(-2) - (-14)/(-7). Is (10/4)/r*-62 composite?
False
Suppose -2*y - y + 150 = 0. Let c be (2/(-5))/((-2)/y). Let w(x) = -x**3 + 11*x**2 - 6*x - 3. Is w(c) a composite number?
False
Let i be (-2 - -3) + (-2)/2. Is ((0 - i) + 1)*77 a composite number?
True
Suppose 0 = -4*a + a + 12. Is 219/2 + (-2)/a prime?
True
Suppose 5*b + 192 = -d + 493, 5 = 5*d. Suppose 3*l - 3*n - 564 - b = 0, 2*l - 410 = 4*n. Is l composite?
False
Suppose 113 + 73 = 3*w. Is w composite?
True
Let v(l) be the third derivative of -l**9/30240 - l**8/20160 + l**7/720 + l**6/144 + l**5/20 - l**2. Let m(w) be the third derivative of v(w). Is m(-4) prime?
True
Is (-178)/(-4)*(18 - 8) prime?
False
Suppose -37 = -0*h - h. Is h a composite number?
False
Let d(k) = k. Let h be d(0). Suppose g = f - 12, h = g + 2*g + 15. Suppose -z = -f*a + 4*a - 197, -563 = -3*z - 5*a. Is z a composite number?
False
Let n(o) = -o**3 + 5*o**2 + 7. Let q(m) = -m**2 + 6*m + 5. Let g be q(6). Is n(g) a composite number?
False
Let f(o) = -36*o**3 - 4*o - 3. Is f(-2) composite?
False
Let y = -1017 + 1730. Is y a composite number?
True
Suppose 4 = 4*n, 3*n - 424 - 1 = -2*k. Is k a prime number?
True
Suppose 4*a - 4604 = -4*i, -3*a = 2*i - 0*i - 2302. Is i prime?
True
Let m = -85 + 47. Let w = -19 - m. Is w composite?
False
Let h = -25 + 55. Suppose -5*g - 3*b = -h, -g + 2 + 6 = b. Suppose -140 = -3*r + k, g*r + 2*k - 137 = 6*k. Is r composite?
False
Suppose -4*x = -8*x + 11852. Is x prime?
True
Let t = 4703 - 3238. Is t prime?
False
Suppose 2*p - 4*s - 160 = 6*p, -128 = 3*p + 5*s. Let d = p - -91. Is d composite?
True
Let l(y) = y. Let j be l(5). Is (-2)/5 + 52/j a prime number?
False
Suppose 3*x = -0*x + 54. Let w = x - -11. Suppose w = 2*z - 85. Is z a prime number?
False
Let a be 0/(0 - 1) - -2. Is 21/9*(a - -1) a composite number?
False
Let s(j) be the third derivative of -j**6/120 + j**5/20 + j**4/4 - j**3/3 - j**2. Let h be s(4). Is (h/(-3) - -399)*1 a composite number?
False
Suppose -2*i + 4 = -2. Suppose -2*c + 6155 = i*c. Suppose -4*s + c = -637. Is s a prime number?
True
Suppose -5*a + 17 = -4*n, -6 = 3*a + 3*n - 0. Let c = 8 + -9. Is c/a + (56 - 2) a prime number?
True
Let f(p) = p**3 + 3*p**2 + 7. Let y be f(4). Let o = -9 - -5. Let t = o + y. Is t prime?
False
Let x(m) = 2*m**2 - 4*m - 15. Is x(6) a composite number?
True
Suppose j - 6 = 3*k, 4*j + 16 = -5*k + 57. Suppose -84 = -3*w - j. Is w a prime number?
False
Suppose -3*j - 4*b + 11 = -4*j, -5*j = -b + 112. Is 1/(3/(-39))*j composite?
True
Let r(u) = 54*u**2 + 2*u - 1. Is r(-2) a prime number?
True
Suppose -3*k = -4*k + 2*b + 23, -b = 5*k - 60. Let j = k + 9. Is j composite?
True
Suppose -9*g = 4*g - 1001. Is g a composite number?
True
Let c = -3 + 8. Let k = c - 3. Suppose -1336 = -2*n - k*n - 3*u, 2*n - 670 = -2*u. Is n composite?
False
Let c = 40 - 28. Let z = 215 - 87. Suppose -z = -4*r + c. Is r composite?
True
Let d be 3 + -2*(-2)/(-4). Suppose 4*h - d*k = 3*k + 117, -129 = -4*h + k. Is h composite?
True
Let k = 118 + -58. Suppose -2*c = h - 73, -132 = -3*h + 3*c + k. Is h prime?
True
Suppose -2*t - t = n - 208, 3*n - 2*t = 679. Is n prime?
True
Let w(a) = a + 1. Suppose 2*p - 3 = p - 2*j, -2*p = j - 15. Is w(p) prime?
False
Suppose 3*s = 9, -3*r + 5*s = r - 4229. Is r composite?
False
Suppose -16*t + 20*t = 76. Suppose -5 - 139 = -2*k. Let f = k - t. Is f prime?
True
Suppose -59 = z - 2*z. Suppose 0*b - b = -z. Is b a composite number?
False
Suppose -88 = -2*n + 5*d + 1, 5*n - 4*d - 197 = 0. Is n composite?
False
Let a = 7 - 2. Let s be a/(75/12)*410. Let p = 531 - s. Is p composite?
True
Let p = -195 - -280. Is p prime?
False
Let l(b) = 1 + 2*b**3 - 4*b + b - b**2 + 2. Is l(2) prime?
False
Suppose -363 = -4*s + 481. Is s prime?
True
Suppose -5*d - 168 = 3*i, -4*d = -4*i + d - 259. Let t be (36/(-27))/((-4)/66). Let u = t - i. Is u a composite number?
False
Suppose -n = -q + 336, 4*q - 5*q = -5*n - 356. Is q prime?
True
Let c be ((-19)/(-2))/((-5)/10). Let n = 74 + c. Is n a prime number?
False
Let n = -330 - -621. Is n a prime number?
False
Suppose 4*y - 5*y = -635. Is y a prime number?
False
Suppose 0 = 4*i - 2*p - 2*p - 16, -4 = -2*i + 3*p. Is ((-14)/i)/((-6)/24) composite?
False
Let q(i) = i**3 + i + 1. Let d be q(0). Let v = -1 - d. Is v + (35*1 - 0) prime?
False
Let d(o) = -87*o**2 - 3*o + 6. Let k be d(4). Suppose 2*a = -a + 6. Is (-3)/a*k/9 composite?
False
Let b be 2 - (-1 + -15)/2. Suppose c = -c + 5*n + 23, 3*n = c - b. Is c composite?
False
Let h(q) = -q + 14. Let i be h(7). Let f be 2/(-4) - i/2. Is ((-7)/f)/((-3)/(-132)) composite?
True
Let d(u) = -u**3 + 68. Let k be 1/(-3) + (-3)/(-9). Let s be d(k). Suppose 2*b + s = 2*p, 2*b = 4*p + 6*b - 144. Is p composite?
True
Is (4/(-3))/(8/(-186)) prime?
True
Suppose -16 = -3*b - b. Suppose 2*n - b*n + 290 = 0. Let f = n + -76. Is f a prime number?
False
Suppose -3*d = -44 - 22. Suppose x = 3*g - 2*x + 39, -25 = 5*g + 5*x. Let b = g + d. Is b prime?
True
Is (-14622)/4*(2 - 24/9) a composite number?
False
Let z = -2 - -213. Is z a prime number?
True
Let h(t) = t**2 - 5*t - 6. Let x be h(6). Let u(m) = m + 79. Is u(x) composite?
False
Suppose 4*c - 2*l - 889 = -c, -5*c = l - 883. Let y be 3/2*(c - -1). Let p = y - 136. Is